{"id":78,"date":"2018-10-14T20:15:14","date_gmt":"2018-10-14T18:15:14","guid":{"rendered":"http:\/\/word.elektro-konrad.de\/?page_id=78"},"modified":"2018-10-14T20:24:59","modified_gmt":"2018-10-14T18:24:59","slug":"knx","status":"publish","type":"page","link":"http:\/\/word.elektro-konrad.de\/?page_id=78","title":{"rendered":"KNX"},"content":{"rendered":"<h1>EIB\/KNX-Geb\u00e4udesystemtechnik<\/h1>\n<p>EIB\/KNX ist ein BUS-System, das f\u00fcr alle wichtigen Anlagen in der Geb\u00e4udetechnik eingesetzt werden kann. Damit k\u00f6nnen die einzelnen Gewerke gemeinsam (&#8222;integral&#8220;) geplant und ausgef\u00fchrt werden. Jeder Hersteller h\u00e4lt sich an eine fest definierte Norm, so dass sich alle Ger\u00e4te gegenseitig verstehen.<\/p>\n<p>Ziel ist es, den Mehrwert bei der Ger\u00e4tenutzung zu steigern und neue (Fern)bedienm\u00f6glichkeiten zu schaffen.<\/p>\n<h1>Grundidee von EIB\/KNX<\/h1>\n<p>Ein EIB\/KNX-System besteht aus:<\/p>\n<p>&#8211; Sensoren (z. B. Taster, Windmesser), die Befehle in Form von Telegrammen erzeugen.<\/p>\n<p>&#8211; Aktoren (z. B. Schaltrelais f\u00fcr Licht, Jalousien), welche die empfangenen Telegramme in Aktionen umsetzen.<\/p>\n<p>&#8211; einer Busleitung, die alle Sensoren und Aktoren f\u00fcr den Telegrammverkehr miteinander verbindet.<\/p>\n<p>Eine Zentrale ist nicht n\u00f6tig. Jedes Ger\u00e4t enth\u00e4lt einen eigenen Mikroprozessor. Durch die entsprechende Parametrierung, die jederzeit ver\u00e4nderbar ist, lernt das Ger\u00e4t was es zu tun hat. Dadurch ist EIB\/KNX sehr flexibel und jederzeit an neue Bed\u00fcrfnisse anpassbar.<\/p>\n","protected":false},"excerpt":{"rendered":"<p>EIB\/KNX-Geb\u00e4udesystemtechnik EIB\/KNX ist ein BUS-System, das f\u00fcr alle wichtigen Anlagen in der Geb\u00e4udetechnik eingesetzt werden kann. Damit k\u00f6nnen die einzelnen Gewerke gemeinsam (&#8222;integral&#8220;) geplant und ausgef\u00fchrt werden. Jeder Hersteller h\u00e4lt sich an eine fest definierte Norm, so dass sich alle Ger\u00e4te gegenseitig verstehen. Ziel ist es, den Mehrwert bei der Ger\u00e4tenutzung zu steigern und neue &hellip; <a href=\"http:\/\/word.elektro-konrad.de\/?page_id=78\" class=\"more-link\"><span class=\"screen-reader-text\">\u201eKNX\u201c<\/span> weiterlesen<\/a><\/p>\n","protected":false},"author":1,"featured_media":0,"parent":81,"menu_order":0,"comment_status":"closed","ping_status":"closed","template":"","meta":{"footnotes":""},"class_list":["post-78","page","type-page","status-publish","hentry"],"_links":{"self":[{"href":"http:\/\/word.elektro-konrad.de\/index.php?rest_route=\/wp\/v2\/pages\/78","targetHints":{"allow":["GET"]}}],"collection":[{"href":"http:\/\/word.elektro-konrad.de\/index.php?rest_route=\/wp\/v2\/pages"}],"about":[{"href":"http:\/\/word.elektro-konrad.de\/index.php?rest_route=\/wp\/v2\/types\/page"}],"author":[{"embeddable":true,"href":"http:\/\/word.elektro-konrad.de\/index.php?rest_route=\/wp\/v2\/users\/1"}],"replies":[{"embeddable":true,"href":"http:\/\/word.elektro-konrad.de\/index.php?rest_route=%2Fwp%2Fv2%2Fcomments&post=78"}],"version-history":[{"count":1,"href":"http:\/\/word.elektro-konrad.de\/index.php?rest_route=\/wp\/v2\/pages\/78\/revisions"}],"predecessor-version":[{"id":80,"href":"http:\/\/word.elektro-konrad.de\/index.php?rest_route=\/wp\/v2\/pages\/78\/revisions\/80"}],"up":[{"embeddable":true,"href":"http:\/\/word.elektro-konrad.de\/index.php?rest_route=\/wp\/v2\/pages\/81"}],"wp:attachment":[{"href":"http:\/\/word.elektro-konrad.de\/index.php?rest_route=%2Fwp%2Fv2%2Fmedia&parent=78"}],"curies":[{"name":"wp","href":"https:\/\/api.w.org\/{rel}","templated":true}]}}

<h1>EIB/KNX-Gebäudesystemtechnik</h1>
<p>EIB/KNX ist ein BUS-System, das für alle wichtigen Anlagen in der Gebäudetechnik eingesetzt werden kann. Damit können die einzelnen Gewerke gemeinsam (&#8222;integral&#8220;) geplant und ausgeführt werden. Jeder Hersteller hält sich an eine fest definierte Norm, so dass sich alle Geräte gegenseitig verstehen.</p>
<p>Ziel ist es, den Mehrwert bei der Gerätenutzung zu steigern und neue (Fern)bedienmöglichkeiten zu schaffen.</p>
<h1>Grundidee von EIB/KNX</h1>
<p>Ein EIB/KNX-System besteht aus:</p>
<p>&#8211; Sensoren (z. B. Taster, Windmesser), die Befehle in Form von Telegrammen erzeugen.</p>
<p>&#8211; Aktoren (z. B. Schaltrelais für Licht, Jalousien), welche die empfangenen Telegramme in Aktionen umsetzen.</p>
<p>&#8211; einer Busleitung, die alle Sensoren und Aktoren für den Telegrammverkehr miteinander verbindet.</p>
<p>Eine Zentrale ist nicht nötig. Jedes Gerät enthält einen eigenen Mikroprozessor. Durch die entsprechende Parametrierung, die jederzeit veränderbar ist, lernt das Gerät was es zu tun hat. Dadurch ist EIB/KNX sehr flexibel und jederzeit an neue Bedürfnisse anpassbar.</p>

<p>EIB/KNX-Gebäudesystemtechnik EIB/KNX ist ein BUS-System, das für alle wichtigen Anlagen in der Gebäudetechnik eingesetzt werden kann. Damit können die einzelnen Gewerke gemeinsam (&#8222;integral&#8220;) geplant und ausgeführt werden. Jeder Hersteller hält sich an eine fest definierte Norm, so dass sich alle Geräte gegenseitig verstehen. Ziel ist es, den Mehrwert bei der Gerätenutzung zu steigern und neue &hellip; <a href="http://word.elektro-konrad.de/?page_id=78" class="more-link"><span class="screen-reader-text">„KNX“</span> weiterlesen</a></p>
